 = 176. Suppose -3*q - 85 = -h. What is the highest common factor of 17 and q?
1
Let k = -45 - -129. Suppose -o - w + 117 = 4*o, 4*w = 3*o - k. What is the greatest common factor of 96 and o?
24
Let v(m) = 5*m + 63. Let q be v(-6). Suppose 15 = 3*j, 4*s + j = -3*j + 812. What is the highest common divisor of s and q?
33
Let m = 2048 + -1579. Calculate the highest common divisor of m and 268.
67
Let o(n) = 3*n**2 - n + 3. Let f(k) = 3*k**2 - 2*k + 2. Let l(q) = 3*f(q) - 2*o(q). Let a be l(5). What is the greatest common divisor of 5 and a?
5
Let j = -16 - -23. Suppose j*g = 17*g - 60. What is the highest common divisor of g and 30?
6
Let o = -37 - -109. Let m be (-85)/(-10) + (-8 - (-44)/8). Calculate the greatest common factor of o and m.
6
Suppose -7*f = 10 - 66. Let j = -16 + 20. Let y be j + 4 + 8 + -4. What is the greatest common divisor of y and f?
4
Let d(w) = -4*w**3 + w**2 + w - 16. Let g be d(-4). Calculate the greatest common divisor of 84 and g.
84
Suppose -5*u + 4386 = 2*k, 2*u + u = -3*k + 2628. Suppose -4*l = -u + 238. Suppose 2*n - l = -2*n. Calculate the highest common divisor of 8 and n.
8
Let h be 180*((-954)/(-72) + -12). Suppose -2*j + 28 = -2. What is the greatest common divisor of h and j?
15
Let t be (-3)/15 + -142*(-5)/50. Calculate the greatest common divisor of 2 and t.
2
Let s = 40 + -70. Let h = -22 - s. What is the highest common divisor of 4 and h?
4
Suppose 0 = w + 5*j - 308, j = -5*w + 6*w - 308. Calculate the greatest common factor of w and 56.
28
Suppose -5*q + 15 = 0, 3*t + 0*q = 5*q - 3. Suppose 5*r + n - 5 = t*n, 25 = 5*r + n. Let f = -11 - -21. Calculate the highest common factor of r and f.
2
Suppose -5*t = 3*b - 19, -3 = 5*b - 8*b + 3*t. Suppose -b*s + 43 = 16. Suppose 0 = -6*l + s*l - 24. Calculate the highest common divisor of 72 and l.
8
Suppose 0 = -t - 4*t + 410. Let r be 16/(-6)*(-3)/2. Suppose -r*z + 334 = -t. Calculate the greatest common divisor of 13 and z.
13
Let p = -60 + 82. Suppose 24 = 24*x - p*x. Suppose -2*o - 2*s - 20 = -74, 0 = -4*o + 3*s + 87. Calculate the highest common factor of o and x.
12
Suppose -18 = -6*p + 12. Suppose p*g - 20 = 5*w, -2*g + 1 = -w - 7. Suppose 3*o - 4*o + 144 = w. Calculate the highest common factor of 36 and o.
36
Let b(s) = -2*s - 4. Let u be b(-9). Let g(l) = l**3 - 13*l**2 + 4*l + 1. Let c be g(12). Let y = c + 137. What is the greatest common factor of u and y?
14
Let d(t) = 2*t**2 + 3*t + 54. Let l be d(0). Calculate the highest common factor of 150 and l.
6
Let u(l) = -l**2 - 10*l - 7. Let j be u(-9). Suppose q = j*q - 48. Let n = -123 + 129. Calculate the greatest common divisor of q and n.
6
Let k = -1283 - -1353. Let m be (-1)/(-2) + (-3)/(-6). Let h(u) = 10*u**3 - u**2 + 1. Let g be h(m). Calculate the greatest common divisor of g and k.
10
Let q(r) = -2*r + 34. Let f be q(17). Suppose f*u - 12 = -u. Let v be 72/(-10)*(1 + -6). What is the greatest common factor of v and u?
12
Let m be 2/(-5) - 42/(-5). Let i = -3 + m. Suppose 5*v - s - s - 144 = 0, -4*v + 135 = i*s. Calculate the greatest common divisor of 12 and v.
6
Suppose 228*m = 222*m + 180. Calculate the highest common divisor of m and 138.
6
Suppose -2*q + 4*o = 3 - 11, q - 4 = -5*o. Suppose 5*i + 2*k - 142 = 0, 23 = i - q*k - 23. What is the greatest common divisor of 12 and i?
6
Let f be 77/22*4/14. Let h(y) = 19*y - 2. Let l be h(f). Suppose 3*d - 255 = -2*d. Calculate the greatest common divisor of d and l.
17
Let j(z) = -4*z**2 + 5*z + 10. Let d be j(-7). Let c = -151 - d. What is the highest common factor of c and 14?
14
Let r be (-6)/(-27) - 4348/(-36). Let s = r + -17. Calculate the greatest common factor of 13 and s.
13
Let m be (1 - 3)*(-117)/(-18). Let s(t) = -t**3 - 14*t**2 - 13*t + 2. Let q be s(m). Suppose 0 = z + q*z - 120. Calculate the highest common factor of 20 and z.
20
Let z be 45/6*32/10. Suppose -8*v - 238 = -10*v + 2*a, -3*v - 5*a + 365 = 0. Calculate the highest common divisor of z and v.
24
Suppose -5*r + 25 = 0, t + 4*r = 2*t + 13. Let x(b) = -b - 8. Let p be x(t). Let j be (-3 + (-63)/p)*30. Calculate the greatest common factor of j and 54.
18
Let c(r) = -r**3 - 3*r**2 - 3*r - 7. Let h be c(-3). Suppose -3*x = -h*x - 26. Calculate the highest common divisor of 39 and x.
13
Suppose 0*y + 108 = 3*y. Let b(i) = i**2 + 27*i - 190. Let h be b(7). What is the highest common factor of y and h?
12
Suppose 0 = -4*u + b + 1357, 0 = -259*b + 263*b - 12. Calculate the greatest common divisor of u and 85.
85
Suppose 2*b + 26 = f + 6*b, 0 = -3*f - 3*b + 60. Let t(a) = a**2 - 16*a - 11. Let v be t(f). Let p = 30 - v. Calculate the greatest common divisor of p and 30.
5
Let u(n) = -4*n**2 - 4*n - 2. Let o be u(-4). Let x = -24 - o. Suppose -2*s + 3*z + 131 = 2*s, -3*z = -s + x. Calculate the highest common factor of 14 and s.
7
Suppose -4*g - 4*h = -160, -2 - 2 = 4*h. Suppose g = 5*k - 4. Calculate the highest common divisor of 9 and k.
9
Suppose 0*a + 32 = 4*g + 2*a, a = 5*g - 33. Let w(o) = 694*o - 1374. Let z be w(2). What is the highest common divisor of z and g?
7
Suppose -2*j = 2*x - 4*x + 14, 5 = 5*x + 5*j. Suppose 4*m - 4 = -4*i, -3*m + 16 + 8 = -x*i. What is the highest common divisor of 8 and m?
4
Let m be 264/(-11)*-1 + 10. What is the highest common divisor of 68 and m?
34
Suppose -2*k + 3*k - 32 = 0. Let a = 42 - k. What is the highest common factor of 1 and a?
1
Suppose 0 = 76*n - 104*n + 14560. Calculate the greatest common factor of n and 13.
13
Let w = 3 + 24. Let q be 20/11 + -2 + 1788/33. What is the highest common divisor of w and q?
27
Let t(y) = 3*y**2 - 2*y + 2. Let j = -26 - -31. Suppose -9*h = -j*h - 16. Let x be t(h). What is the highest common factor of x and 21?
21
Suppose -n + 2*n = 8. Suppose -2*h + 230 = n*h. Calculate the highest common factor of h and 46.
23
Suppose -3446*w + 486 = -3437*w. Let o be -45*(2 - (-24)/(-10)). What is the highest common divisor of o and w?
18
Suppose -4*v = 5*f - 1500, 5*f - 742 = -3*v + 388. What is the greatest common factor of 10 and v?
10
Let f(x) = -3*x - 7. Let j be f(-3). Suppose -l - j*l = -51. Let v be -1 - (0/(-2) - l). Calculate the highest common factor of v and 2.
2
Let h(z) = z**3 - 5*z**2 - 7*z + 8. Let y be h(6). What is the highest common divisor of y and 8?
2
Let o(j) = 2*j**2 + 15*j - 2. Let a be o(-10). Suppose 10*r - a = 2*r. Let s be 3/2*6*1. What is the highest common factor of s and r?
3
Let v(c) = c**2 + 31*c - 211. Let m be v(6). Let b = -1 + -3. Let f be 1/b + 1455/12. Calculate the highest common divisor of f and m.
11
Suppose -32886 = -74*r + 11*r. What is the greatest common divisor of r and 435?
87
Let h(s) = s + 1. Let j be h(9). Suppose 5*o = 25, 5*t - j = t + 2*o. Let r be (-6 + t)/((-2)/550). What is the highest common divisor of 25 and r?
25
Let w(o) be the first derivative of o**4/4 + 3*o**3 + 3*o**2 + 12*o + 2. Let r be w(-8). Calculate the highest common divisor of 140 and r.
28
Let r be 4/6 - 16/(-48). Suppose -51 = -5*a - 6. Let x be 378/(a/3)*r. Calculate the greatest common factor of x and 14.
14
Let l = 12 + -14. Let w be l + -3 + (-3 - -226). Suppose 2*v = -c + w, c - 351 + 25 = -3*v. What is the greatest common divisor of 12 and v?
12
Let d(g) be the first derivative of -g**3/3 + 11*g**2 + 56*g - 52. Let n be d(24). Calculate the greatest common factor of 12 and n.
4
Let v(l) = -l + 8. Let p be v(-2). Let n(x) = -3*x**3 - x**2 + 2*x - 8. Let t be n(-4). Calculate the greatest common divisor of t and p.
10
Suppose 5*b - 3402 = 3*q, -2692 = 17*b - 21*b - 5*q. Calculate the greatest common divisor of 6 and b.
6
Suppose 2*b = -2*u + 44, 3*b + u = 6*u + 82. Suppose 4*s = s + 72. What is the highest common divisor of s and b?
24
Let q be (-696)/(-5)*10/3. What is the greatest common divisor of q and 174?
58
Let v(n) = -n**2 - 7*n + 22. Let k be v(-8). Suppose 0 = 10*z - k*z + 64. Calculate the highest common divisor of z and 4.
4
Let m = 2390 - 2358. Let h be -10*(2 + -1)*-8. Calculate the highest common factor of h and m.
16
Suppose -2*r = 6 - 18. Suppose -2*w = c - 172, -r*c = -2*c - w - 670. Calculate the greatest common factor of 24 and c.
24
Let s be 3036/(-11)*-1 + -4. Calculate the highest common divisor of 64 and s.
16
Let p be 0/2 + (0 - 552). Let h be (-2 + 16/6)*p